{"id":285,"date":"2024-05-04T11:57:44","date_gmt":"2024-05-04T09:57:44","guid":{"rendered":"http:\/\/192.168.1.102\/clinicadentalramirocorrea.com\/?page_id=285"},"modified":"2024-10-07T14:00:48","modified_gmt":"2024-10-07T12:00:48","slug":"elementor-285","status":"publish","type":"page","link":"https:\/\/clinicadentalramirocorrea.com\/?page_id=285","title":{"rendered":"PROTESIS DENTAL"},"content":{"rendered":"\t\t<div data-elementor-type=\"wp-page\" data-elementor-id=\"285\" class=\"elementor elementor-285\">\n\t\t\t\t<div class=\"elementor-element elementor-element-1d541f5 e-con-full elementor-hidden-tablet elementor-hidden-mobile e-flex e-con e-parent\" data-id=\"1d541f5\" data-element_type=\"container\" data-settings=\"{&quot;background_background&quot;:&quot;classic&quot;}\">\n\t\t\t\t<div class=\"elementor-element elementor-element-cc6ea81 elementor-widget elementor-widget-text-editor\" data-id=\"cc6ea81\" data-element_type=\"widget\" data-widget_type=\"text-editor.default\">\n\t\t\t\t<div class=\"elementor-widget-container\">\n\t\t\t<style>\/*! elementor - v3.21.0 - 26-05-2024 *\/\n.elementor-widget-text-editor.elementor-drop-cap-view-stacked .elementor-drop-cap{background-color:#69727d;color:#fff}.elementor-widget-text-editor.elementor-drop-cap-view-framed .elementor-drop-cap{color:#69727d;border:3px solid;background-color:transparent}.elementor-widget-text-editor:not(.elementor-drop-cap-view-default) .elementor-drop-cap{margin-top:8px}.elementor-widget-text-editor:not(.elementor-drop-cap-view-default) .elementor-drop-cap-letter{width:1em;height:1em}.elementor-widget-text-editor .elementor-drop-cap{float:left;text-align:center;line-height:1;font-size:50px}.elementor-widget-text-editor .elementor-drop-cap-letter{display:inline-block}<\/style>\t\t\t\t<p>\ud83d\udccd Direcci\u00f3n: Calle Mart\u00ednez Campos, 20, Bajo, 18002 Granada<\/p>\t\t\t\t\t\t<\/div>\n\t\t\t\t<\/div>\n\t\t\t\t<div class=\"elementor-element elementor-element-4fcba28 elementor-widget elementor-widget-html\" data-id=\"4fcba28\" data-element_type=\"widget\" data-widget_type=\"html.default\">\n\t\t\t\t<div class=\"elementor-widget-container\">\n\t\t\t<!DOCTYPE html>\r\n<html lang=\"es\">\r\n<head>\r\n    <meta charset=\"UTF-8\">\r\n    <meta name=\"viewport\" content=\"width=device-width, initial-scale=1.0\">\r\n    <title>Tel\u00e9fono Destacado<\/title>\r\n    <style>\r\n        .phone-link {\r\n            color: white;\r\n            text-decoration: none;\r\n            font-weight: bold;\r\n            position: relative;\r\n            transition: color 0.3s ease;\r\n            animation: highlight 3s ease-in-out infinite;\r\n        }\r\n        .phone-link:hover {\r\n            color: #0056b3;\r\n        }\r\n        .phone-link::after {\r\n            content: '';\r\n            position: absolute;\r\n            width: 100%;\r\n            height: 2px;\r\n            bottom: 0;\r\n            left: 0;\r\n            background-color: #0056b3;\r\n            visibility: hidden;\r\n            transform: scaleX(0);\r\n            transition: all 0.3s ease-in-out;\r\n        }\r\n        .phone-link:hover::after {\r\n            visibility: visible;\r\n            transform: scaleX(1);\r\n        }\r\n        @keyframes highlight {\r\n            0% {\r\n                color: white;\r\n                text-shadow: none;\r\n            }\r\n            50% {\r\n                color: #ff9900;\r\n                text-shadow: 0 0 10px rgba(255, 153, 0, 0.5);\r\n            }\r\n            100% {\r\n                color: white;\r\n                text-shadow: none;\r\n            }\r\n        }\r\n        .whatsapp-logo {\r\n            width: 20px;\r\n            height: 20px;\r\n            vertical-align: middle;\r\n            margin-right: 5px;\r\n        }\r\n    <\/style>\r\n<\/head>\r\n<body>\r\n\r\n    \ud83d\udcde Tel\u00e9fono: <a class=\"phone-link\" href=\"tel:958106908\">958 10 69 08<\/a> - <img decoding=\"async\" class=\"whatsapp-logo\" src=\"https:\/\/upload.wikimedia.org\/wikipedia\/commons\/6\/6b\/WhatsApp.svg\" alt=\"WhatsApp\"> <a class=\"phone-link\" href=\"tel:617545081\">671 54 50 81<\/a>\r\n\r\n<\/body>\r\n<\/html>\r\n\t\t<\/div>\n\t\t\t\t<\/div>\n\t\t\t\t<div class=\"elementor-element elementor-element-c017d49 elementor-widget elementor-widget-text-editor\" data-id=\"c017d49\" data-element_type=\"widget\" data-widget_type=\"text-editor.default\">\n\t\t\t\t<div class=\"elementor-widget-container\">\n\t\t\t\t\t\t\t<p>\ud83d\udd50 Lunes a Jueves de 9:30\u201313:30, 16:30\u201320:30, Viernes solo ma\u00f1ana.<\/p>\t\t\t\t\t\t<\/div>\n\t\t\t\t<\/div>\n\t\t\t\t<\/div>\n\t\t<div class=\"elementor-element elementor-element-a7260f0 e-con-full elementor-hidden-desktop elementor-hidden-tablet elementor-hidden-mobile e-flex e-con e-parent\" data-id=\"a7260f0\" data-element_type=\"container\">\n\t\t\t\t<div class=\"elementor-element elementor-element-97cc0ff elementor-widget elementor-widget-text-editor\" data-id=\"97cc0ff\" data-element_type=\"widget\" data-widget_type=\"text-editor.default\">\n\t\t\t\t<div class=\"elementor-widget-container\">\n\t\t\t\t\t\t\t<p>Pr\u00f3tesis dental<\/p>\t\t\t\t\t\t<\/div>\n\t\t\t\t<\/div>\n\t\t\t\t<div class=\"elementor-element elementor-element-6c6469a elementor-widget elementor-widget-text-editor\" data-id=\"6c6469a\" data-element_type=\"widget\" data-widget_type=\"text-editor.default\">\n\t\t\t\t<div class=\"elementor-widget-container\">\n\t\t\t\t\t\t\t<p>Las pr\u00f3tesis dentales son otra alternativa a la hora de sustituir una o varias piezas dentales, pueden ser fijas o removibles. Con ellas conseguiremos nuestro objetivo que es dar soluci\u00f3n a sus problemas de masticaci\u00f3n y est\u00e9tica.<\/p><p>\u00a0<\/p><p><strong>PR\u00d3TESIS FIJAS<\/strong><br \/>Nos referimos a pr\u00f3tesis que no se pueden retirar, en este caso est\u00e1n apoyadas \u00fanicamente en las piezas dentales o implantes.<\/p><p>Las pr\u00f3tesis fijas m\u00e1s utilizadas son las carillas, las coronas y los puentes, todas ellas aportan una gran comodidad y seguridad al paciente que ver\u00e1 como recupera plenamente la funcionalidad de su boca.<\/p><p>Consulte nuestro apartado de Odontologia Digital con Cerec y c\u00f3mo conseguir su pr\u00f3tesis en un d\u00eda.<\/p><p>\u00a0<\/p><p><strong>PR\u00d3TESIS REMOVIBLES<\/strong><br \/>En este caso nos referimos a pr\u00f3tesis que si se pueden retirar y poner de nuevo de forma sencilla por el paciente.Dentro de este grupo las m\u00e1s extendidas son las met\u00e1licas, conocidas como esquel\u00e9ticos, que lleva a su vez un recubrimiento de resina. En este tipo de pr\u00f3tesis tiene a\u00fan m\u00e1s importancia la colaboraci\u00f3n del paciente, puesto que la retirada y limpieza debe ser diaria.<\/p><p>\u00a0<\/p><p><strong>En Cl\u00ednica Dental Ramiro Correa estudiaremos su caso y le asesoraremos sobre cu\u00e1l es la opci\u00f3n que mejor se adapta a su situaci\u00f3n. \u00a1Pase a preguntarnos sin compromiso!<\/strong><\/p>\t\t\t\t\t\t<\/div>\n\t\t\t\t<\/div>\n\t\t\t\t<\/div>\n\t\t<div class=\"elementor-element elementor-element-d527e2b e-con-full elementor-hidden-widescreen e-flex e-con e-parent\" data-id=\"d527e2b\" data-element_type=\"container\">\n\t\t\t\t<div class=\"elementor-element elementor-element-2023d05 elementor-widget elementor-widget-text-editor\" data-id=\"2023d05\" data-element_type=\"widget\" data-widget_type=\"text-editor.default\">\n\t\t\t\t<div class=\"elementor-widget-container\">\n\t\t\t\t\t\t\t<p>Pr\u00f3tesis dental<\/p>\t\t\t\t\t\t<\/div>\n\t\t\t\t<\/div>\n\t\t\t\t<div class=\"elementor-element elementor-element-c4d4bc4 elementor-widget elementor-widget-text-editor\" data-id=\"c4d4bc4\" data-element_type=\"widget\" data-widget_type=\"text-editor.default\">\n\t\t\t\t<div class=\"elementor-widget-container\">\n\t\t\t\t\t\t\t<p>Las pr\u00f3tesis dentales son otra alternativa a la hora de sustituir una o varias piezas dentales, pueden ser fijas o removibles. Con ellas conseguiremos nuestro objetivo que es dar soluci\u00f3n a sus problemas de masticaci\u00f3n y est\u00e9tica.<\/p><p>\u00a0<\/p><p><strong>PR\u00d3TESIS FIJAS<\/strong><br \/>Nos referimos a pr\u00f3tesis que no se pueden retirar, en este caso est\u00e1n apoyadas \u00fanicamente en las piezas dentales o implantes.<\/p><p>Las pr\u00f3tesis fijas m\u00e1s utilizadas son las carillas, las coronas y los puentes, todas ellas aportan una gran comodidad y seguridad al paciente que ver\u00e1 como recupera plenamente la funcionalidad de su boca.<\/p><p>Consulte nuestro apartado de Odontologia Digital con Cerec y c\u00f3mo conseguir su pr\u00f3tesis en un d\u00eda.<\/p><p>\u00a0<\/p><p><strong>PR\u00d3TESIS REMOVIBLES<\/strong><br \/>En este caso nos referimos a pr\u00f3tesis que si se pueden retirar y poner de nuevo de forma sencilla por el paciente.Dentro de este grupo las m\u00e1s extendidas son las met\u00e1licas, conocidas como esquel\u00e9ticos, que lleva a su vez un recubrimiento de resina. En este tipo de pr\u00f3tesis tiene a\u00fan m\u00e1s importancia la colaboraci\u00f3n del paciente, puesto que la retirada y limpieza debe ser diaria.<\/p><p>\u00a0<\/p><p><strong>En Cl\u00ednica Dental Ramiro Correa estudiaremos su caso y le asesoraremos sobre cu\u00e1l es la opci\u00f3n que mejor se adapta a su situaci\u00f3n. \u00a1Pase a preguntarnos sin compromiso!<\/strong><\/p>\t\t\t\t\t\t<\/div>\n\t\t\t\t<\/div>\n\t\t\t\t<\/div>\n\t\t\t\t<\/div>\n\t\t","protected":false},"excerpt":{"rendered":"<p>\ud83d\udccd Direcci\u00f3n: Calle Mart\u00ednez Campos, 20, Bajo, 18002 Granada Tel\u00e9fono Destacado \ud83d\udcde Tel\u00e9fono: 958 10 69 08 &#8211; 671 54 50 81 \ud83d\udd50 Lunes a Jueves de 9:30\u201313:30, 16:30\u201320:30, Viernes solo ma\u00f1ana. Pr\u00f3tesis dental Las pr\u00f3tesis dentales son otra alternativa a la hora de sustituir una o varias piezas dentales, pueden ser fijas o removibles. [&hellip;]<\/p>\n","protected":false},"author":1,"featured_media":0,"parent":0,"menu_order":0,"comment_status":"closed","ping_status":"closed","template":"","meta":{"footnotes":""},"class_list":["post-285","page","type-page","status-publish","hentry"],"_links":{"self":[{"href":"https:\/\/clinicadentalramirocorrea.com\/index.php?rest_route=\/wp\/v2\/pages\/285","targetHints":{"allow":["GET"]}}],"collection":[{"href":"https:\/\/clinicadentalramirocorrea.com\/index.php?rest_route=\/wp\/v2\/pages"}],"about":[{"href":"https:\/\/clinicadentalramirocorrea.com\/index.php?rest_route=\/wp\/v2\/types\/page"}],"author":[{"embeddable":true,"href":"https:\/\/clinicadentalramirocorrea.com\/index.php?rest_route=\/wp\/v2\/users\/1"}],"replies":[{"embeddable":true,"href":"https:\/\/clinicadentalramirocorrea.com\/index.php?rest_route=%2Fwp%2Fv2%2Fcomments&post=285"}],"version-history":[{"count":32,"href":"https:\/\/clinicadentalramirocorrea.com\/index.php?rest_route=\/wp\/v2\/pages\/285\/revisions"}],"predecessor-version":[{"id":1483,"href":"https:\/\/clinicadentalramirocorrea.com\/index.php?rest_route=\/wp\/v2\/pages\/285\/revisions\/1483"}],"wp:attachment":[{"href":"https:\/\/clinicadentalramirocorrea.com\/index.php?rest_route=%2Fwp%2Fv2%2Fmedia&parent=285"}],"curies":[{"name":"wp","href":"https:\/\/api.w.org\/{rel}","templated":true}]}}